{"id":1607,"date":"2021-12-08T11:33:33","date_gmt":"2021-12-08T10:33:33","guid":{"rendered":"http:\/\/geriano.sk\/?page_id=1607"},"modified":"2026-02-10T12:58:05","modified_gmt":"2026-02-10T11:58:05","slug":"eon","status":"publish","type":"page","link":"http:\/\/geriano.sk\/?page_id=1607","title":{"rendered":"EON"},"content":{"rendered":"\n<p style=\"font-size:26px\"><strong>Ekonomicky opr\u00e1vnen\u00e9 n\u00e1klady<\/strong> <strong>2025<\/strong><\/p>\n\n\n<a href=\"http:\/\/geriano.sk\/wp-content\/uploads\/2026\/02\/Ekonomicky-opravnene-naklady-2025.pdf\" class=\"pdfemb-viewer\" style=\"\" data-width=\"max\" data-height=\"max\" data-toolbar=\"bottom\" data-toolbar-fixed=\"off\">Ekonomicky-opravnene-naklady-2025<\/a>","protected":false},"excerpt":{"rendered":"<p>Ekonomicky opr\u00e1vnen\u00e9 n\u00e1klady 2025<\/p>\n","protected":false},"author":1,"featured_media":0,"parent":0,"menu_order":0,"comment_status":"closed","ping_status":"closed","template":"","meta":{"footnotes":""},"class_list":["post-1607","page","type-page","status-publish","hentry"],"_links":{"self":[{"href":"http:\/\/geriano.sk\/index.php?rest_route=\/wp\/v2\/pages\/1607","targetHints":{"allow":["GET"]}}],"collection":[{"href":"http:\/\/geriano.sk\/index.php?rest_route=\/wp\/v2\/pages"}],"about":[{"href":"http:\/\/geriano.sk\/index.php?rest_route=\/wp\/v2\/types\/page"}],"author":[{"embeddable":true,"href":"http:\/\/geriano.sk\/index.php?rest_route=\/wp\/v2\/users\/1"}],"replies":[{"embeddable":true,"href":"http:\/\/geriano.sk\/index.php?rest_route=%2Fwp%2Fv2%2Fcomments&post=1607"}],"version-history":[{"count":6,"href":"http:\/\/geriano.sk\/index.php?rest_route=\/wp\/v2\/pages\/1607\/revisions"}],"predecessor-version":[{"id":3276,"href":"http:\/\/geriano.sk\/index.php?rest_route=\/wp\/v2\/pages\/1607\/revisions\/3276"}],"wp:attachment":[{"href":"http:\/\/geriano.sk\/index.php?rest_route=%2Fwp%2Fv2%2Fmedia&parent=1607"}],"curies":[{"name":"wp","href":"https:\/\/api.w.org\/{rel}","templated":true}]}}